actor of 203502445 and 1705?
155
What is the greatest common divisor of 702 and 19803446?
26
Calculate the highest common factor of 22594 and 36472878.
2054
Calculate the greatest common divisor of 2212 and 262280.
316
Calculate the highest common factor of 49310325 and 75.
75
What is the greatest common factor of 72659 and 9492?
113
Calculate the highest common divisor of 46502201 and 31.
31
What is the greatest common divisor of 7772598 and 93?
3
What is the highest common divisor of 1791 and 29763037?
199
Calculate the highest common factor of 8900 and 10055843.
89
Calculate the highest common divisor of 12882771 and 7326.
3663
Calculate the highest common divisor of 297915 and 10335.
15
Calculate the greatest common divisor of 2412 and 1023492.
804
What is the greatest common factor of 988 and 16883856?
76
Calculate the greatest common divisor of 133607153 and 13599.
1511
What is the greatest common factor of 2214 and 41823567?
1107
What is the highest common divisor of 4592 and 33644436?
1148
Calculate the greatest common divisor of 265 and 141033265.
265
What is the highest common factor of 3655027 and 205?
41
What is the greatest common divisor of 33120 and 22804960?
3680
Calculate the greatest common factor of 1380 and 2717565.
345
What is the greatest common factor of 392945 and 305745?
545
Calculate the greatest common factor of 4065336 and 3776.
472
Calculate the highest common factor of 9472 and 1667840.
256
Calculate the greatest common divisor of 1915701032 and 28.
28
Calculate the greatest common divisor of 30156072 and 804.
12
Calculate the greatest common factor of 1665238030 and 1844.
922
Calculate the greatest common divisor of 69827107 and 16611.
5537
Calculate the greatest common divisor of 1200775325 and 50.
25
Calculate the highest common factor of 4432176 and 121968.
1008
What is the highest common factor of 69900 and 18737860?
4660
Calculate the greatest common divisor of 2958939 and 45.
9
What is the highest common divisor of 124960 and 2112?
352
Calculate the highest common divisor of 10931961 and 933.
933
What is the greatest common factor of 13221 and 23412922?
1469
What is the highest common factor of 20 and 3527270?
10
Calculate the greatest common factor of 39 and 142423606.
13
What is the greatest common divisor of 10104039 and 927?
9
Calculate the highest common factor of 5226 and 80802.
402
What is the greatest common factor of 296586 and 1008?
18
Calculate the greatest common divisor of 529554 and 3780.
6
What is the greatest common divisor of 96396 and 4095168?
3324
Calculate the highest common factor of 202860 and 1730043.
441
Calculate the greatest common divisor of 75 and 24969405.
15
What is the highest common divisor of 9920 and 11948330?
310
What is the highest common factor of 17620 and 2773388?
3524
Calculate the greatest common factor of 1017056 and 1716800.
1184
Calculate the highest common divisor of 15225 and 251923.
203
Calculate the greatest common factor of 243 and 216646893.
243
What is the greatest common divisor of 868 and 69549368?
868
What is the highest common divisor of 9 and 86661?
9
Calculate the highest common factor of 144474308 and 220.
44
What is the greatest common divisor of 14 and 392876498?
14
Calculate the highest common factor of 15930972 and 5100.
204
Calculate the greatest common factor of 395957250 and 11700.
5850
What is the highest common divisor of 54809621 and 45287?
4117
What is the highest common factor of 129 and 2441409?
3
What is the greatest common divisor of 12081342 and 82173?
1911
What is the greatest common divisor of 392116515 and 385?
35
What is the greatest common factor of 67744 and 4469279?
73
Calculate the highest common divisor of 296 and 10886362.
74
What is the greatest common factor of 3835 and 5443045?
295
Calculate the highest common divisor of 650027235 and 169.
169
What is the highest common factor of 4756184 and 832?
8
What is the greatest common divisor of 2979068 and 16?
4
Calculate the greatest common divisor of 156 and 20295327.
39
Calculate the highest common divisor of 204600 and 2043800.
2200
Calculate the highest common factor of 3116 and 10702681.
779
What is the highest common divisor of 297626 and 25186?
98
What is the highest common divisor of 60 and 115973290?
10
Calculate the highest common divisor of 420 and 22897140.
420
Calculate the highest common factor of 19788 and 14304.
12
Calculate the greatest common divisor of 955 and 529432900.
955
Calculate the highest common divisor of 272279 and 710171.
2807
What is the greatest common factor of 151944187 and 23?
23
What is the highest common divisor of 19104 and 282504?
24
What is the highest common divisor of 66 and 25294863?
33
What is the greatest common factor of 8585595 and 2610?
1305
Calculate the highest common factor of 51730 and 811230.
70
What is the greatest common divisor of 69521452 and 216601?
7469
Calculate the highest common factor of 52 and 29003546.
26
What is the greatest common factor of 175018 and 2372?
2
Calculate the highest common divisor of 9282 and 3799874.
442
What is the greatest common factor of 1908419 and 83?
83
Calculate the highest common factor of 246 and 279068058.
246
What is the greatest common factor of 34 and 48128?
2
What is the highest common divisor of 11200 and 31234?
14
Calculate the greatest common divisor of 388 and 3669898.
194
What is the highest common divisor of 160 and 3261728?
32
Calculate the highest common divisor of 23730 and 50285.
565
Calculate the greatest common factor of 1788987 and 49913.
2627
Calculate the highest common divisor of 15 and 3899565.
15
What is the highest common divisor of 22857 and 8156244?
57
Calculate the highest common factor of 3450 and 3838470.
690
What is the greatest common divisor of 135 and 2347965?
45
Calculate the highest common factor of 26867363 and 5191.
179
Calculate the highest common factor of 46155 and 396859152.
9231
What is the greatest common divisor of 1344924 and 21?
21
Calculate the highest common factor of 4603511 and 2321.
11
What is the greatest common divisor of 93342356 and 31545?
701
Calculate the greatest common divisor of 465870 and 510.
30
Calculate the highest common factor of 29279 and 5129989.
1541
What is the greatest common factor of 411 and 108692238?
411
Calculate the greatest common divisor of 21 and 173085150.
21
What is the highest common factor of 173568 and 2672?
16
What is the greatest common divisor of 16903820 and 2120?
1060
What is the greatest common factor of 3591 and 1950711?
399
Calculate the greatest common divisor of 240 and 1595856.
48
What is the greatest common factor of 4111207 and 2?
1
What is the greatest common divisor of 814258 and 2?
2
Calculate the highest common factor of 2474383 and 83.
1
What is the highest common factor of 82689 and 78303?
129
Calculate the highest common factor of 320 and 5880640.
320
What is the highest common divisor of 35559077 and 279?
31
What is the greatest common factor of 20103498 and 14946?
282
What is the highest common factor of 22864012 and 12?
4
Calculate the greatest common divisor of 146631849 and 1677.
1677
What is the greatest common divisor of 330 and 213380970?
330
Calculate the highest common factor of 26028195 and 2565.
285
What is the greatest common factor of 2028 and 207087192?
2028
What is the highest common divisor of 565887 and 3633?
21
Calculate the greatest common factor of 162285 and 60822.
93
Calculate the highest common factor of 2714 and 46414.
46
What is the highest common factor of 8321890 and 1630?
10
What is the highest common divisor of 3 and 232883109?
3
Calculate the highest common factor of 18865 and 884840.
55
What is the highest common divisor of 55074469 and 469?
67
What is the highest common factor of 42975 and 1045152?
1719
What is the highest common divisor of 668 and 1522?
2
Calculate the highest common factor of 84 and 42567.
21
What is the highest common factor of 593892 and 717336?
972
What is the greatest common divisor of 783996 and 304308?
948
What is the highest common factor of 984924 and 122237?
251
What is the greatest common divisor of 27324 and 3511548?
828
Calculate the highest common divisor of 7590406 and 376.
94
What is the highest common divisor of 